{"id":315,"date":"2018-06-01T08:19:56","date_gmt":"2018-06-01T08:19:56","guid":{"rendered":"http:\/\/demo2.drfuri.com\/supro\/?page_id=315"},"modified":"2024-04-13T09:23:44","modified_gmt":"2024-04-13T12:23:44","slug":"faqs","status":"publish","type":"page","link":"https:\/\/freedomjeans.com.ar\/index.php\/faqs\/","title":{"rendered":"Preguntas Frecuentes"},"content":{"rendered":"<p>[vc_row][vc_column]<div class=\"supro-empty-space \" style=\"\"><div class=\"supro_empty_space_lg\"  style=\"height: 80px\"><\/div><div class=\"supro_empty_space_md\"  style=\"height: 50px\"><\/div><div class=\"supro_empty_space_xs\"  style=\"height: 50px\"><\/div><\/div>[\/vc_column][\/vc_row][vc_row][vc_column]<div class=\"supro-faq_group  \"><div class=\"row\"><div class=\"col-gtitle col-md-3 col-sm-3 col-xs-12\"><h2 class=\"g-title\">PAGOS<\/h2><\/div> <div class=\"col-md-9 col-sm-9 col-xs-12\"> <div class=\"row\"> <div class=\"faq-item\"> <div class=\"col-title col-md-5 col-sm-5 col-xs-12\"> <h3 class=\"title\">\u00bfCUALES SON LOS MEDIOS DE PAGO?<\/h3><\/div> <div class=\"col-md-7 col-sm-7 col-xs-12\"> <div class=\"desc\">Pod\u00e9s abonar tu pedido a trav\u00e9s de dep\u00f3sito o transferencia bancaria o Mercadopago. Es necesario notificar el pago con su respectivo comprobante al ejecutivo de cuentas para poder poner en marcha el env\u00edo del mismo. Tambien podes pagar en efectivo en el local.<\/div><\/div> <\/div> <\/div> <\/div><\/div><\/div><div class=\"supro-empty-space \" style=\"\"><div class=\"supro_empty_space_lg\"  style=\"height: 30px\"><\/div><div class=\"supro_empty_space_md\"  style=\"height: 0px\"><\/div><div class=\"supro_empty_space_xs\"  style=\"height: 0px\"><\/div><\/div>[vc_separator color=&#8221;custom&#8221; accent_color=&#8221;#eaeaea&#8221;]<div class=\"supro-empty-space \" style=\"\"><div class=\"supro_empty_space_lg\"  style=\"height: 80px\"><\/div><div class=\"supro_empty_space_md\"  style=\"height: 50px\"><\/div><div class=\"supro_empty_space_xs\"  style=\"height: 50px\"><\/div><\/div>[\/vc_column][\/vc_row][vc_row][vc_column]<div class=\"supro-faq_group  \"><div class=\"row\"><div class=\"col-gtitle col-md-3 col-sm-3 col-xs-12\"><h2 class=\"g-title\">ENVIOS<\/h2><\/div> <div class=\"col-md-9 col-sm-9 col-xs-12\"> <div class=\"row\"> <div class=\"faq-item\"> <div class=\"col-title col-md-5 col-sm-5 col-xs-12\"> <h3 class=\"title\">\u00bfCUALES SON LOS MEDIOS DE ENVIO?<\/h3><\/div> <div class=\"col-md-7 col-sm-7 col-xs-12\"> <div class=\"desc\">Trabajamos con todos los expresos y Correo Argentino y OCA\nEl pedido tiene un costo adicional (gastos de envio del local hasta la terminal de transporte seleccionada).\nEl env\u00edo en si, es abonado por el cliente una vez que llega a destino.<\/div><\/div> <\/div> <\/div> <\/div><\/div><\/div><div class=\"supro-empty-space \" style=\"\"><div class=\"supro_empty_space_lg\"  style=\"height: 30px\"><\/div><div class=\"supro_empty_space_md\"  style=\"height: 0px\"><\/div><div class=\"supro_empty_space_xs\"  style=\"height: 0px\"><\/div><\/div>[vc_separator color=&#8221;custom&#8221; accent_color=&#8221;#eaeaea&#8221;]<div class=\"supro-empty-space \" style=\"\"><div class=\"supro_empty_space_lg\"  style=\"height: 80px\"><\/div><div class=\"supro_empty_space_md\"  style=\"height: 50px\"><\/div><div class=\"supro_empty_space_xs\"  style=\"height: 50px\"><\/div><\/div>[\/vc_column][\/vc_row][vc_row][vc_column]<div class=\"supro-faq_group  \"><div class=\"row\"><div class=\"col-gtitle col-md-3 col-sm-3 col-xs-12\"><h2 class=\"g-title\">PREGUNTAS FRECUENTES<\/h2><\/div> <div class=\"col-md-9 col-sm-9 col-xs-12\"> <div class=\"row\"> <div class=\"faq-item\"> <div class=\"col-title col-md-5 col-sm-5 col-xs-12\"> <h3 class=\"title\">\u00bfQUIEN PUEDE COMPRAR EN FREEDOM?<\/h3><\/div> <div class=\"col-md-7 col-sm-7 col-xs-12\"> <div class=\"desc\">Las ventas de FREEDOM son solo por mayor a comerciantes o revendedores. Entendemos por revendedores todas aquellas personas que venden indumentaria de forma particular ya sea en un showroom o a trav\u00e9s de una p\u00e1gina web o red social.<\/div><\/div> <\/div> <div class=\"faq-item\"> <div class=\"col-title col-md-5 col-sm-5 col-xs-12\"> <h3 class=\"title\">\u00bfCUANTO TIEMPO SE DEMORA EN ARMAR UN PEDIDO?<\/h3><\/div> <div class=\"col-md-7 col-sm-7 col-xs-12\"> <div class=\"desc\">Una vez recibido el pedido se tarda entre 24\/48 horas h\u00e1biles en armar el mismo seg\u00fan la cantidad de pedidos recibidos. Cuando el pedido est\u00e1 listo, se notifica al cliente los faltantes de stock (de haber), el monto total y los datos de la cuenta bancaria para realizar el dep\u00f3sito<\/div><\/div> <\/div> <div class=\"faq-item\"> <div class=\"col-title col-md-5 col-sm-5 col-xs-12\"> <h3 class=\"title\">\u00bfHACEN ENVIOS AL INTERIOR?<\/h3><\/div> <div class=\"col-md-7 col-sm-7 col-xs-12\"> <div class=\"desc\">Si, hacemos env\u00edos a todo el pa\u00eds con el transporte que vos elijas. Trabajamos con todos los expresos, as\u00ed como tambi\u00e9n OCA y CORREO ARGENTINO\nEl env\u00edo en si, es abonado por el cliente una vez que llega a destino.\nAl pedido, se le sumara un costo adicional en concepto del traslado del paquete desde nuestro local hasta la terminal del transporte seleccionado por el cliente.<\/div><\/div> <\/div> <div class=\"faq-item\"> <div class=\"col-title col-md-5 col-sm-5 col-xs-12\"> <h3 class=\"title\">\u00bfCUANTO DEMORA EL ENVIO?<\/h3><\/div> <div class=\"col-md-7 col-sm-7 col-xs-12\"> <div class=\"desc\">El tiempo de envio depende del transporte seleccionado y la distancia por recorrer. Por lo general se tarda entre 2 y 5 d\u00edas aproximadamente una vez salido del local.<\/div><\/div> <\/div> <div class=\"faq-item\"> <div class=\"col-title col-md-5 col-sm-5 col-xs-12\"> <h3 class=\"title\">\u00bfSE PUEDE PASAR A RETIRAR EL PEDIDO?<\/h3><\/div> <div class=\"col-md-7 col-sm-7 col-xs-12\"> <div class=\"desc\">Si, pod\u00e9s pasar a retirar tu pedido a nuestro local. El ejecutivo de cuenta se comunicar\u00e1 una vez finalizado el pedido y ah\u00ed podr\u00e1s especificar que es para pasar a retirar.\nA su vez, retirando en nuestro local tambi\u00e9n ten\u00e9s la opci\u00f3n de abonar el pedido en efectivo en el momento.<\/div><\/div> <\/div> <\/div> <\/div><\/div><\/div><div class=\"supro-empty-space \" style=\"\"><div class=\"supro_empty_space_lg\"  style=\"height: 30px\"><\/div><div class=\"supro_empty_space_md\"  style=\"height: 0px\"><\/div><div class=\"supro_empty_space_xs\"  style=\"height: 0px\"><\/div><\/div>[vc_separator color=&#8221;custom&#8221; accent_color=&#8221;#eaeaea&#8221;]<div class=\"supro-empty-space \" style=\"\"><div class=\"supro_empty_space_lg\"  style=\"height: 125px\"><\/div><div class=\"supro_empty_space_md\"  style=\"height: 80px\"><\/div><div class=\"supro_empty_space_xs\"  style=\"height: 50px\"><\/div><\/div>[\/vc_column][\/vc_row][vc_row][vc_column][vc_column_text]<\/p>\n<div class=\"text-center\" style=\"font-size: 30px;color: #000\">Si tenes alguna duda, <a class=\"primary-color\" style=\"text-decoration: underline;font-weight: bold\" href=\"#\">Contactanos<\/a><\/div>\n<p>[\/vc_column_text][\/vc_column][\/vc_row][vc_row][vc_column]<div class=\"supro-empty-space \" style=\"\"><div class=\"supro_empty_space_lg\"  style=\"height: 175px\"><\/div><div class=\"supro_empty_space_md\"  style=\"height: 120px\"><\/div><div class=\"supro_empty_space_xs\"  style=\"height: 60px\"><\/div><\/div>[\/vc_column][\/vc_row][vc_row][vc_column][vc_toggle title=&#8221;POLITICA DE CAMBIO&#8221;]Los cambios son UNICAMENTE por talle (SUJETO A STOCK) NO hacemos cambios por modelo, NO hacemos devoluciones.<\/p>\n<p>Nuestro plazo para realizar el cambio es de 7 d\u00edas h\u00e1biles luego de haber realizado tu compra (presentando el ticket)[\/vc_toggle][\/vc_column][\/vc_row]<\/p>\n","protected":false},"excerpt":{"rendered":"<p>[vc_row][vc_column][\/vc_column][\/vc_row][vc_row][vc_column][vc_separator color=&#8221;custom&#8221; accent_color=&#8221;#eaeaea&#8221;][\/vc_column][\/vc_row][vc_row][vc_column][vc_separator color=&#8221;custom&#8221; accent_color=&#8221;#eaeaea&#8221;][\/vc_column][\/vc_row][vc_row][vc_column][vc_separator color=&#8221;custom&#8221; accent_color=&#8221;#eaeaea&#8221;][\/vc_column][\/vc_row][vc_row][vc_column][vc_column_text] Si tenes alguna duda, Contactanos [\/vc_column_text][\/vc_column][\/vc_row][vc_row][vc_column][\/vc_column][\/vc_row][vc_row][vc_column][vc_toggle title=&#8221;POLITICA DE CAMBIO&#8221;]Los cambios son UNICAMENTE por talle (SUJETO A STOCK) NO hacemos cambios por modelo, NO hacemos devoluciones. Nuestro plazo para realizar el cambio es de 7 d\u00edas h\u00e1biles luego de haber realizado tu compra (presentando el ticket)[\/vc_toggle][\/vc_column][\/vc_row]<\/p>\n","protected":false},"author":1,"featured_media":0,"parent":0,"menu_order":0,"comment_status":"closed","ping_status":"closed","template":"template-fullwidth.php","meta":{"footnotes":""},"_links":{"self":[{"href":"https:\/\/freedomjeans.com.ar\/index.php\/wp-json\/wp\/v2\/pages\/315"}],"collection":[{"href":"https:\/\/freedomjeans.com.ar\/index.php\/wp-json\/wp\/v2\/pages"}],"about":[{"href":"https:\/\/freedomjeans.com.ar\/index.php\/wp-json\/wp\/v2\/types\/page"}],"author":[{"embeddable":true,"href":"https:\/\/freedomjeans.com.ar\/index.php\/wp-json\/wp\/v2\/users\/1"}],"replies":[{"embeddable":true,"href":"https:\/\/freedomjeans.com.ar\/index.php\/wp-json\/wp\/v2\/comments?post=315"}],"version-history":[{"count":10,"href":"https:\/\/freedomjeans.com.ar\/index.php\/wp-json\/wp\/v2\/pages\/315\/revisions"}],"predecessor-version":[{"id":70618,"href":"https:\/\/freedomjeans.com.ar\/index.php\/wp-json\/wp\/v2\/pages\/315\/revisions\/70618"}],"wp:attachment":[{"href":"https:\/\/freedomjeans.com.ar\/index.php\/wp-json\/wp\/v2\/media?parent=315"}],"curies":[{"name":"wp","href":"https:\/\/api.w.org\/{rel}","templated":true}]}}